{"id":2825,"date":"2025-09-14T22:03:53","date_gmt":"2025-09-15T03:03:53","guid":{"rendered":"https:\/\/lodgingcartagena.com\/?post_type=product&#038;p=2825"},"modified":"2025-09-14T22:03:53","modified_gmt":"2025-09-15T03:03:53","slug":"sibarita-express-sunset-tour-navega-brinda-y-contempla-la-magia-del-caribe","status":"publish","type":"product","link":"https:\/\/lodgingcartagena.com\/index.php\/producto\/sibarita-express-sunset-tour-navega-brinda-y-contempla-la-magia-del-caribe\/","title":{"rendered":"Sibarita Express Sunset Tour | Navega, brinda y contempla la magia del Caribe"},"content":{"rendered":"","protected":false},"excerpt":{"rendered":"<p data-start=\"212\" data-end=\"594\"><span dir=\"auto\">Disfrute de una experiencia \u00fanica a bordo del\u00a0<\/span><strong data-start=\"255\" data-end=\"272\"><span dir=\"auto\">Siberita Tour<\/span><\/strong><span dir=\"auto\">\u00a0, un recorrido panor\u00e1mico de 90 minutos por la hermosa bah\u00eda de Cartagena. Mientras el sol se pone tras las murallas coloniales, rel\u00e1jese con m\u00fasica ambiental, barra libre y el suave murmullo del mar. Ideal para compartir con amigos, pareja o simplemente admirar las mejores vistas del atardecer sobre la ciudad amurallada.<\/span><\/p>\n<p data-start=\"596\" data-end=\"654\"><span dir=\"auto\">Una experiencia elegante, relajada y memorable en el mar.<\/span><\/p>\n<hr data-start=\"656\" data-end=\"659\" \/>\n<h3 data-start=\"661\" data-end=\"696\"><span dir=\"auto\">Horario y punto de encuentro:<\/span><\/h3>\n<ul data-start=\"697\" data-end=\"853\">\n<li data-start=\"697\" data-end=\"721\">\n<p data-start=\"699\" data-end=\"721\"><span dir=\"auto\">Embarque: 16:30 horas<\/span><\/p>\n<\/li>\n<li data-start=\"722\" data-end=\"743\">\n<p data-start=\"724\" data-end=\"743\"><span dir=\"auto\">Navegaci\u00f3n: 17:00 horas<\/span><\/p>\n<\/li>\n<li data-start=\"744\" data-end=\"786\">\n<p data-start=\"746\" data-end=\"786\"><span dir=\"auto\">D\u00edas de funcionamiento: mi\u00e9rcoles a domingo<\/span><\/p>\n<\/li>\n<li data-start=\"787\" data-end=\"811\">\n<p data-start=\"789\" data-end=\"811\"><span dir=\"auto\">Duraci\u00f3n: 90 minutos<\/span><\/p>\n<\/li>\n<li data-start=\"812\" data-end=\"853\">\n<p data-start=\"814\" data-end=\"853\"><span dir=\"auto\">Ubicaci\u00f3n: Muelle La Bodeguita \u2013 Puerta 4<\/span><\/p>\n<\/li>\n<\/ul>\n<hr data-start=\"855\" data-end=\"858\" \/>\n<h3 data-start=\"860\" data-end=\"877\"><span dir=\"auto\">\u00bfQu\u00e9 incluye?<\/span><\/h3>\n<ul data-start=\"879\" data-end=\"1120\">\n<li data-start=\"879\" data-end=\"916\">\n<p data-start=\"881\" data-end=\"916\"><span dir=\"auto\">Capit\u00e1n y tripulaci\u00f3n profesionales<\/span><\/p>\n<\/li>\n<li data-start=\"917\" data-end=\"941\">\n<p data-start=\"919\" data-end=\"941\"><span dir=\"auto\">Combustible incluido<\/span><\/p>\n<\/li>\n<li data-start=\"942\" data-end=\"997\">\n<p data-start=\"944\" data-end=\"997\"><span dir=\"auto\">Recorrido panor\u00e1mico por la bah\u00eda de Cartagena (90 min)<\/span><\/p>\n<\/li>\n<li data-start=\"998\" data-end=\"1026\">\n<p data-start=\"1000\" data-end=\"1026\"><span dir=\"auto\">Barra libre de bebidas<\/span><\/p>\n<\/li>\n<li data-start=\"1027\" data-end=\"1047\">\n<p data-start=\"1029\" data-end=\"1047\"><span dir=\"auto\">M\u00fasica ambiental<\/span><\/p>\n<\/li>\n<li data-start=\"1048\" data-end=\"1068\">\n<p data-start=\"1050\" data-end=\"1068\"><span dir=\"auto\">Servicio a bordo<\/span><\/p>\n<\/li>\n<li data-start=\"1069\" data-end=\"1086\">\n<p data-start=\"1071\" data-end=\"1086\"><span dir=\"auto\">Wi-Fi a bordo<\/span><\/p>\n<\/li>\n<li data-start=\"1087\" data-end=\"1120\">\n<p data-start=\"1089\" data-end=\"1120\"><span dir=\"auto\">Ba\u00f1os de damas y caballeros<\/span><\/p>\n<\/li>\n<\/ul>\n<hr data-start=\"1122\" data-end=\"1125\" \/>\n<h3 data-start=\"1127\" data-end=\"1171\"><span dir=\"auto\">Servicios adicionales (coste extra):<\/span><\/h3>\n<ul data-start=\"1173\" data-end=\"1206\">\n<li data-start=\"1173\" data-end=\"1192\">\n<p data-start=\"1175\" data-end=\"1192\"><span dir=\"auto\">Bebidas premium<\/span><\/p>\n<\/li>\n<li data-start=\"1193\" data-end=\"1206\">\n<p data-start=\"1195\" data-end=\"1206\"><span dir=\"auto\">Aperitivos<\/span><\/p>\n<\/li>\n<\/ul>\n<hr data-start=\"1208\" data-end=\"1211\" \/>\n<h3 data-start=\"1213\" data-end=\"1233\"><span dir=\"auto\">Recomendaciones:<\/span><\/h3>\n<ul data-start=\"1235\" data-end=\"1463\">\n<li data-start=\"1235\" data-end=\"1298\">\n<p data-start=\"1237\" data-end=\"1298\"><span dir=\"auto\">Vestimenta: informal y elegante, ideal para fotos al atardecer.<\/span><\/p>\n<\/li>\n<li data-start=\"1299\" data-end=\"1343\">\n<p data-start=\"1301\" data-end=\"1343\"><span dir=\"auto\">Llegar al menos 30 minutos antes de la salida.<\/span><\/p>\n<\/li>\n<li data-start=\"1344\" data-end=\"1382\">\n<p data-start=\"1346\" data-end=\"1382\"><span dir=\"auto\">Servicio de tipo tour compartido<\/span><\/p>\n<\/li>\n<li data-start=\"1383\" data-end=\"1430\">\n<p data-start=\"1385\" data-end=\"1430\"><span dir=\"auto\">Reservas anticipadas (plazas limitadas)<\/span><\/p>\n<\/li>\n<li data-start=\"1431\" data-end=\"1463\">\n<p data-start=\"1433\" data-end=\"1463\"><span dir=\"auto\">Alta demanda en temporada alta<\/span><\/p>\n<\/li>\n<\/ul>\n<hr data-start=\"1465\" data-end=\"1468\" \/>\n<h3 data-start=\"1470\" data-end=\"1508\"><span dir=\"auto\">Condiciones y pol\u00edtica de reservas:<\/span><\/h3>\n<ul data-start=\"1510\" data-end=\"1702\">\n<li data-start=\"1510\" data-end=\"1547\">\n<p data-start=\"1512\" data-end=\"1547\"><span dir=\"auto\">Reservas sujetas a disponibilidad<\/span><\/p>\n<\/li>\n<li data-start=\"1548\" data-end=\"1595\">\n<p data-start=\"1550\" data-end=\"1595\"><span dir=\"auto\">Salidas garantizadas de mi\u00e9rcoles a domingo<\/span><\/p>\n<\/li>\n<li data-start=\"1596\" data-end=\"1645\">\n<p data-start=\"1598\" data-end=\"1645\"><span dir=\"auto\">Actividad recomendada para mayores de 18 a\u00f1os.<\/span><\/p>\n<\/li>\n<li data-start=\"1646\" data-end=\"1702\">\n<p data-start=\"1648\" data-end=\"1702\"><span dir=\"auto\">Cancelaciones con menos de 24 horas de aviso no aplican reembolso.<\/span><\/p>\n<\/li>\n<\/ul>\n","protected":false},"featured_media":2826,"comment_status":"open","ping_status":"closed","template":"","meta":[],"product_brand":[],"product_cat":[46,49],"product_tag":[],"class_list":{"0":"post-2825","1":"product","2":"type-product","3":"status-publish","4":"has-post-thumbnail","6":"product_cat-tours","7":"product_cat-yate","9":"first","10":"instock","11":"shipping-taxable","12":"purchasable","13":"product-type-simple"},"_links":{"self":[{"href":"https:\/\/lodgingcartagena.com\/index.php\/wp-json\/wp\/v2\/product\/2825","targetHints":{"allow":["GET"]}}],"collection":[{"href":"https:\/\/lodgingcartagena.com\/index.php\/wp-json\/wp\/v2\/product"}],"about":[{"href":"https:\/\/lodgingcartagena.com\/index.php\/wp-json\/wp\/v2\/types\/product"}],"replies":[{"embeddable":true,"href":"https:\/\/lodgingcartagena.com\/index.php\/wp-json\/wp\/v2\/comments?post=2825"}],"wp:featuredmedia":[{"embeddable":true,"href":"https:\/\/lodgingcartagena.com\/index.php\/wp-json\/wp\/v2\/media\/2826"}],"wp:attachment":[{"href":"https:\/\/lodgingcartagena.com\/index.php\/wp-json\/wp\/v2\/media?parent=2825"}],"wp:term":[{"taxonomy":"product_brand","embeddable":true,"href":"https:\/\/lodgingcartagena.com\/index.php\/wp-json\/wp\/v2\/product_brand?post=2825"},{"taxonomy":"product_cat","embeddable":true,"href":"https:\/\/lodgingcartagena.com\/index.php\/wp-json\/wp\/v2\/product_cat?post=2825"},{"taxonomy":"product_tag","embeddable":true,"href":"https:\/\/lodgingcartagena.com\/index.php\/wp-json\/wp\/v2\/product_tag?post=2825"}],"curies":[{"name":"wp","href":"https:\/\/api.w.org\/{rel}","templated":true}]}}