{"id":2816,"date":"2025-09-14T21:47:10","date_gmt":"2025-09-15T02:47:10","guid":{"rendered":"https:\/\/lodgingcartagena.com\/?post_type=product&#038;p=2816"},"modified":"2025-09-14T21:47:10","modified_gmt":"2025-09-15T02:47:10","slug":"isla-del-encanto-isla-del-rosario-un-paraiso-tropical-para-relajarse-explorar-y-conectar-con-el-mar","status":"publish","type":"product","link":"https:\/\/lodgingcartagena.com\/index.php\/producto\/isla-del-encanto-isla-del-rosario-un-paraiso-tropical-para-relajarse-explorar-y-conectar-con-el-mar\/","title":{"rendered":"Isla del Encanto &#8211; Isla del Rosario | Un para\u00edso tropical para relajarse, explorar y conectar con el mar"},"content":{"rendered":"","protected":false},"excerpt":{"rendered":"<p data-start=\"229\" data-end=\"599\"><span dir=\"auto\">Disfrute de una experiencia \u00fanica en la hermosa Isla del Encanto, ubicada en el Parque Nacional Natural Corales del Rosario. Disfrute de playas de arena blanca, aguas cristalinas y una variedad de actividades acu\u00e1ticas, todo en un entorno natural perfecto para relajarse o disfrutar de aventuras marinas. Ideal para parejas, familias y viajeros que buscan una escapada inolvidable al Caribe.<\/span><\/p>\n<p data-start=\"601\" data-end=\"678\"><span dir=\"auto\">Una combinaci\u00f3n perfecta de comodidad, naturaleza y buena comida junto al mar.<\/span><\/p>\n<hr data-start=\"680\" data-end=\"683\" \/>\n<h3 data-start=\"685\" data-end=\"707\"><span dir=\"auto\">Punto de partida:<\/span><\/h3>\n<p data-start=\"708\" data-end=\"898\"><span dir=\"auto\">Muelle La Bodeguita \u2013 Puerta 4 (Centro Hist\u00f3rico de Cartagena)<\/span><br data-start=\"770\" data-end=\"773\" \/><span dir=\"auto\">Hora de llegada: 8:15 am<\/span><br data-start=\"800\" data-end=\"803\" \/><span dir=\"auto\">Hora de salida a la isla: entre 9:00 am y 9:15 am<\/span><br data-start=\"862\" data-end=\"865\" \/><span dir=\"auto\">Regreso de la isla: 3:00 pm<\/span><\/p>\n<hr data-start=\"900\" data-end=\"903\" \/>\n<h3 data-start=\"905\" data-end=\"922\"><span dir=\"auto\">\u00bfQu\u00e9 incluye?<\/span><\/h3>\n<ul data-start=\"924\" data-end=\"1122\">\n<li data-start=\"924\" data-end=\"1006\">\n<p data-start=\"926\" data-end=\"1006\"><span dir=\"auto\">Transporte ida y vuelta en lancha r\u00e1pida o terrestre (sujeto a disponibilidad)<\/span><\/p>\n<\/li>\n<li data-start=\"1007\" data-end=\"1038\">\n<p data-start=\"1009\" data-end=\"1038\"><span dir=\"auto\">Almuerzo t\u00edpico tipo buffet<\/span><\/p>\n<\/li>\n<li data-start=\"1039\" data-end=\"1122\">\n<p data-start=\"1041\" data-end=\"1122\"><span dir=\"auto\">Uso de instalaciones externas del hotel: zonas de descanso, playa, ba\u00f1os y duchas<\/span><\/p>\n<\/li>\n<\/ul>\n<hr data-start=\"1124\" data-end=\"1127\" \/>\n<h3 data-start=\"1129\" data-end=\"1144\"><span dir=\"auto\">No incluido:<\/span><\/h3>\n<ul data-start=\"1146\" data-end=\"1423\">\n<li data-start=\"1146\" data-end=\"1213\">\n<p data-start=\"1148\" data-end=\"1213\"><span dir=\"auto\">Impuesto ambiental (tasa portuaria): $23.000 COP por persona<\/span><\/p>\n<\/li>\n<li data-start=\"1214\" data-end=\"1287\">\n<p data-start=\"1216\" data-end=\"1287\"><span dir=\"auto\">Entrada al Oceanario San Mart\u00edn de Pajarales: $40.000 COP por adulto<\/span><\/p>\n<\/li>\n<li data-start=\"1288\" data-end=\"1335\">\n<p data-start=\"1290\" data-end=\"1335\"><span dir=\"auto\">Actividad de snorkel: $50.000 COP por persona<\/span><\/p>\n<\/li>\n<li data-start=\"1336\" data-end=\"1382\">\n<p data-start=\"1338\" data-end=\"1382\"><span dir=\"auto\">Actividad de buceo: $160.000 COP por persona<\/span><\/p>\n<\/li>\n<li data-start=\"1383\" data-end=\"1423\">\n<p data-start=\"1385\" data-end=\"1423\"><span dir=\"auto\">Servicios adicionales no especificados<\/span><\/p>\n<\/li>\n<\/ul>\n<hr data-start=\"1425\" data-end=\"1428\" \/>\n<h3 data-start=\"1430\" data-end=\"1450\"><span dir=\"auto\">Recomendaciones:<\/span><\/h3>\n<p data-start=\"1452\" data-end=\"1678\"><span dir=\"auto\">Traiga traje de ba\u00f1o, toalla, ropa c\u00f3moda, protector solar, sombrero, gafas de sol y dinero en efectivo.<\/span><br data-start=\"1553\" data-end=\"1556\" \/><span dir=\"auto\">Llegue al muelle a tiempo para evitar contratiempos.<\/span><br data-start=\"1612\" data-end=\"1615\" \/><span dir=\"auto\">No se permite el ingreso de alimentos ni bebidas a la isla.<\/span><\/p>\n<hr data-start=\"1680\" data-end=\"1683\" \/>\n<h3 data-start=\"1685\" data-end=\"1723\"><span dir=\"auto\">Condiciones y pol\u00edtica de reservas:<\/span><\/h3>\n<ul data-start=\"1725\" data-end=\"1913\">\n<li data-start=\"1725\" data-end=\"1778\">\n<p data-start=\"1727\" data-end=\"1778\"><span dir=\"auto\">Reservas anticipadas con pago del 50% por adelantado<\/span><\/p>\n<\/li>\n<li data-start=\"1779\" data-end=\"1844\">\n<p data-start=\"1781\" data-end=\"1844\"><span dir=\"auto\">Cancelaciones con 24 horas de antelaci\u00f3n: reembolso del 70%<\/span><\/p>\n<\/li>\n<li data-start=\"1845\" data-end=\"1864\">\n<p data-start=\"1847\" data-end=\"1864\"><span dir=\"auto\">Plazas limitadas<\/span><\/p>\n<\/li>\n<li data-start=\"1865\" data-end=\"1913\">\n<p data-start=\"1867\" data-end=\"1913\"><span dir=\"auto\">Los ni\u00f1os de 3 a\u00f1os o m\u00e1s pagan la tarifa completa.<\/span><\/p>\n<\/li>\n<\/ul>\n","protected":false},"featured_media":2817,"comment_status":"open","ping_status":"closed","template":"","meta":[],"product_brand":[],"product_cat":[47,46],"product_tag":[],"class_list":{"0":"post-2816","1":"product","2":"type-product","3":"status-publish","4":"has-post-thumbnail","6":"product_cat-isla","7":"product_cat-tours","9":"first","10":"instock","11":"shipping-taxable","12":"product-type-simple"},"_links":{"self":[{"href":"https:\/\/lodgingcartagena.com\/index.php\/wp-json\/wp\/v2\/product\/2816","targetHints":{"allow":["GET"]}}],"collection":[{"href":"https:\/\/lodgingcartagena.com\/index.php\/wp-json\/wp\/v2\/product"}],"about":[{"href":"https:\/\/lodgingcartagena.com\/index.php\/wp-json\/wp\/v2\/types\/product"}],"replies":[{"embeddable":true,"href":"https:\/\/lodgingcartagena.com\/index.php\/wp-json\/wp\/v2\/comments?post=2816"}],"wp:featuredmedia":[{"embeddable":true,"href":"https:\/\/lodgingcartagena.com\/index.php\/wp-json\/wp\/v2\/media\/2817"}],"wp:attachment":[{"href":"https:\/\/lodgingcartagena.com\/index.php\/wp-json\/wp\/v2\/media?parent=2816"}],"wp:term":[{"taxonomy":"product_brand","embeddable":true,"href":"https:\/\/lodgingcartagena.com\/index.php\/wp-json\/wp\/v2\/product_brand?post=2816"},{"taxonomy":"product_cat","embeddable":true,"href":"https:\/\/lodgingcartagena.com\/index.php\/wp-json\/wp\/v2\/product_cat?post=2816"},{"taxonomy":"product_tag","embeddable":true,"href":"https:\/\/lodgingcartagena.com\/index.php\/wp-json\/wp\/v2\/product_tag?post=2816"}],"curies":[{"name":"wp","href":"https:\/\/api.w.org\/{rel}","templated":true}]}}