{"id":2760,"date":"2025-08-27T19:17:42","date_gmt":"2025-08-28T00:17:42","guid":{"rendered":"https:\/\/lodgingcartagena.com\/?post_type=product&#038;p=2760"},"modified":"2025-08-27T19:18:58","modified_gmt":"2025-08-28T00:18:58","slug":"pao-pao-beach-club-isla-del-rosario-relajate-saborea-y-desconectate-en-un-exclusivo-entorno-solo-para-adultos","status":"publish","type":"product","link":"https:\/\/lodgingcartagena.com\/index.php\/producto\/pao-pao-beach-club-isla-del-rosario-relajate-saborea-y-desconectate-en-un-exclusivo-entorno-solo-para-adultos\/","title":{"rendered":"Pao Pao Beach Club &#8211; Isla del Rosario | Rel\u00e1jate, saborea y descon\u00e9ctate en un exclusivo entorno solo para adultos."},"content":{"rendered":"","protected":false},"excerpt":{"rendered":"<p data-start=\"329\" data-end=\"647\">Disfruta una experiencia diferente en\u00a0<strong data-start=\"367\" data-end=\"389\">PAO PAO Beach Club<\/strong>, el nuevo producto del Grupo Bora Bora en el coraz\u00f3n del Parque Natural Islas del Rosario. Este pasad\u00eda est\u00e1 dise\u00f1ado exclusivamente para mayores de edad y combina tranquilidad, ambiente exclusivo, gastronom\u00eda caribe\u00f1a y paisajes inigualables frente al mar.<\/p>\n<p data-start=\"649\" data-end=\"772\">Ideal para quienes desean desconectarse del ritmo de la ciudad y pasar un d\u00eda de descanso total en un entorno privilegiado.<\/p>\n<hr data-start=\"774\" data-end=\"777\" \/>\n<h3 data-start=\"779\" data-end=\"801\">Punto de salida:<\/h3>\n<p data-start=\"802\" data-end=\"1005\">Muelle La Bodeguita \u2013 Puerta 4<br data-start=\"832\" data-end=\"835\" \/><strong data-start=\"835\" data-end=\"852\">Presentaci\u00f3n:<\/strong> 7:20 a.\u202fm.<br data-start=\"863\" data-end=\"866\" \/><strong data-start=\"866\" data-end=\"911\">Zarpamos aproximadamente a las 8:00 a.\u202fm.<\/strong><br data-start=\"911\" data-end=\"914\" \/><strong data-start=\"914\" data-end=\"940\">Retorno desde la isla:<\/strong> 3:00 p.\u202fm. | <strong data-start=\"954\" data-end=\"978\">Llegada a Cartagena:<\/strong> 4:00 p.\u202fm. aproximadamente<\/p>\n<hr data-start=\"1007\" data-end=\"1010\" \/>\n<h3 data-start=\"1012\" data-end=\"1029\">\u00bfQu\u00e9 incluye?<\/h3>\n<ul data-start=\"1031\" data-end=\"1312\">\n<li data-start=\"1031\" data-end=\"1077\">\n<p data-start=\"1033\" data-end=\"1077\">Transporte en lancha r\u00e1pida (ida y vuelta)<\/p>\n<\/li>\n<li data-start=\"1078\" data-end=\"1116\">\n<p data-start=\"1080\" data-end=\"1116\">Coctel de bienvenida (sin alcohol)<\/p>\n<\/li>\n<li data-start=\"1117\" data-end=\"1140\">\n<p data-start=\"1119\" data-end=\"1140\">Asoleadora asignada<\/p>\n<\/li>\n<li data-start=\"1141\" data-end=\"1312\">\n<p data-start=\"1143\" data-end=\"1163\">Almuerzo a elegir:<\/p>\n<ul data-start=\"1166\" data-end=\"1312\">\n<li data-start=\"1166\" data-end=\"1184\">\n<p data-start=\"1168\" data-end=\"1184\">Paella PAO PAO<\/p>\n<\/li>\n<li data-start=\"1187\" data-end=\"1210\">\n<p data-start=\"1189\" data-end=\"1210\">Pasta a la marinera<\/p>\n<\/li>\n<li data-start=\"1213\" data-end=\"1251\">\n<p data-start=\"1215\" data-end=\"1251\">Plato t\u00edpico cartagenero (pescado)<\/p>\n<\/li>\n<li data-start=\"1254\" data-end=\"1287\">\n<p data-start=\"1256\" data-end=\"1287\">Pechuga de pollo a la plancha<\/p>\n<\/li>\n<li data-start=\"1290\" data-end=\"1312\">\n<p data-start=\"1292\" data-end=\"1312\">Opci\u00f3n vegetariana<\/p>\n<\/li>\n<\/ul>\n<\/li>\n<\/ul>\n<hr data-start=\"1314\" data-end=\"1317\" \/>\n<h3 data-start=\"1319\" data-end=\"1334\">No incluye:<\/h3>\n<ul data-start=\"1336\" data-end=\"1512\">\n<li data-start=\"1336\" data-end=\"1411\">\n<p data-start=\"1338\" data-end=\"1411\">Tasa portuaria: $35.000 COP por persona (pago en efectivo en el muelle)<\/p>\n<\/li>\n<li data-start=\"1412\" data-end=\"1454\">\n<p data-start=\"1414\" data-end=\"1454\">Servicios adicionales no especificados<\/p>\n<\/li>\n<li data-start=\"1455\" data-end=\"1512\">\n<p data-start=\"1457\" data-end=\"1512\">Actividades acu\u00e1ticas (no incluye oceanario ni snorkel)<\/p>\n<\/li>\n<\/ul>\n<hr data-start=\"1514\" data-end=\"1517\" \/>\n<h3 data-start=\"1519\" data-end=\"1548\">Condiciones del servicio:<\/h3>\n<ul data-start=\"1550\" data-end=\"2007\">\n<li data-start=\"1550\" data-end=\"1608\">\n<p data-start=\"1552\" data-end=\"1608\">Servicio disponible todos los d\u00edas, con reserva previa<\/p>\n<\/li>\n<li data-start=\"1609\" data-end=\"1641\">\n<p data-start=\"1611\" data-end=\"1641\">Solo para mayores de 18 a\u00f1os<\/p>\n<\/li>\n<li data-start=\"1642\" data-end=\"1690\">\n<p data-start=\"1644\" data-end=\"1690\">Se garantiza la reserva hasta las 8:20 a.\u202fm.<\/p>\n<\/li>\n<li data-start=\"1691\" data-end=\"1718\">\n<p data-start=\"1693\" data-end=\"1718\">No se permiten mascotas<\/p>\n<\/li>\n<li data-start=\"1719\" data-end=\"1803\">\n<p data-start=\"1721\" data-end=\"1803\">No se aceptan pagos el mismo d\u00eda del tour (ni en el muelle ni por transferencia)<\/p>\n<\/li>\n<li data-start=\"1804\" data-end=\"1898\">\n<p data-start=\"1806\" data-end=\"1898\">Reservas de grupos (m\u00e1s de 4 personas) deben ser pagadas en su totalidad para confirmaci\u00f3n<\/p>\n<\/li>\n<li data-start=\"1899\" data-end=\"2007\">\n<p data-start=\"1901\" data-end=\"2007\">No se permiten publicaciones ni promociones con tarifas distintas al valor oficial sin autorizaci\u00f3n previa<\/p>\n<\/li>\n<\/ul>\n<hr data-start=\"2009\" data-end=\"2012\" \/>\n<h3 data-start=\"2014\" data-end=\"2034\">Recomendaciones:<\/h3>\n<ul data-start=\"2036\" data-end=\"2238\">\n<li data-start=\"2036\" data-end=\"2120\">\n<p data-start=\"2038\" data-end=\"2120\">Presentarse puntualmente a las 7:20 a.\u202fm. en la Puerta 4 del Muelle La Bodeguita<\/p>\n<\/li>\n<li data-start=\"2121\" data-end=\"2238\">\n<p data-start=\"2123\" data-end=\"2238\">Llevar ropa c\u00f3moda, traje de ba\u00f1o, bloqueador solar, toalla, efectivo para la tasa portuaria y ganas de relajarse<\/p>\n<\/li>\n<\/ul>\n<hr data-start=\"2240\" data-end=\"2243\" \/>\n<p data-start=\"2245\" data-end=\"2405\"><strong data-start=\"2245\" data-end=\"2306\">Reserva tu experiencia en PAO PAO con Live Vacations Tour<\/strong><br data-start=\"2306\" data-end=\"2309\" \/>Descansa, disfruta y d\u00e9jate consentir en una de las playas m\u00e1s exclusivas del Caribe colombiano.<\/p>\n","protected":false},"featured_media":2761,"comment_status":"open","ping_status":"closed","template":"","meta":[],"product_brand":[],"product_cat":[47,46],"product_tag":[],"class_list":{"0":"post-2760","1":"product","2":"type-product","3":"status-publish","4":"has-post-thumbnail","6":"product_cat-isla","7":"product_cat-tours","9":"first","10":"instock","11":"shipping-taxable","12":"purchasable","13":"product-type-simple"},"_links":{"self":[{"href":"https:\/\/lodgingcartagena.com\/index.php\/wp-json\/wp\/v2\/product\/2760","targetHints":{"allow":["GET"]}}],"collection":[{"href":"https:\/\/lodgingcartagena.com\/index.php\/wp-json\/wp\/v2\/product"}],"about":[{"href":"https:\/\/lodgingcartagena.com\/index.php\/wp-json\/wp\/v2\/types\/product"}],"replies":[{"embeddable":true,"href":"https:\/\/lodgingcartagena.com\/index.php\/wp-json\/wp\/v2\/comments?post=2760"}],"wp:featuredmedia":[{"embeddable":true,"href":"https:\/\/lodgingcartagena.com\/index.php\/wp-json\/wp\/v2\/media\/2761"}],"wp:attachment":[{"href":"https:\/\/lodgingcartagena.com\/index.php\/wp-json\/wp\/v2\/media?parent=2760"}],"wp:term":[{"taxonomy":"product_brand","embeddable":true,"href":"https:\/\/lodgingcartagena.com\/index.php\/wp-json\/wp\/v2\/product_brand?post=2760"},{"taxonomy":"product_cat","embeddable":true,"href":"https:\/\/lodgingcartagena.com\/index.php\/wp-json\/wp\/v2\/product_cat?post=2760"},{"taxonomy":"product_tag","embeddable":true,"href":"https:\/\/lodgingcartagena.com\/index.php\/wp-json\/wp\/v2\/product_tag?post=2760"}],"curies":[{"name":"wp","href":"https:\/\/api.w.org\/{rel}","templated":true}]}}