{"id":2751,"date":"2025-08-27T18:58:20","date_gmt":"2025-08-27T23:58:20","guid":{"rendered":"https:\/\/lodgingcartagena.com\/?post_type=product&#038;p=2751"},"modified":"2025-08-27T18:58:20","modified_gmt":"2025-08-27T23:58:20","slug":"luxury-beach-club-arena-beach-isla-del-rosario-relajate-bajo-el-sol-con-barra-libre-playa-y-sabor-caribeno-en-un-entorno-exclusivo","status":"publish","type":"product","link":"https:\/\/lodgingcartagena.com\/index.php\/producto\/luxury-beach-club-arena-beach-isla-del-rosario-relajate-bajo-el-sol-con-barra-libre-playa-y-sabor-caribeno-en-un-entorno-exclusivo\/","title":{"rendered":"Luxury beach club &#8211; Arena Beach- isla del rosario | Rel\u00e1jate bajo el sol con barra libre, playa y sabor caribe\u00f1o en un entorno exclusivo"},"content":{"rendered":"","protected":false},"excerpt":{"rendered":"<p data-start=\"354\" data-end=\"703\">Vive una experiencia de playa con un toque de lujo en \u00c1rea Beach, Islas del Rosario. Disfruta de un pasad\u00eda completo con barra libre de bebidas nacionales, un almuerzo t\u00edpico a elecci\u00f3n y espacios dise\u00f1ados para el descanso frente al mar. Ideal para quienes buscan comodidad, buena atenci\u00f3n y una escapada al Caribe con ambiente vibrante y relajado.<\/p>\n<hr data-start=\"705\" data-end=\"708\" \/>\n<h3 data-start=\"710\" data-end=\"730\">Punto de salida:<\/h3>\n<ul data-start=\"732\" data-end=\"917\">\n<li data-start=\"732\" data-end=\"790\">\n<p data-start=\"734\" data-end=\"790\">Muelle La Bodeguita \u2013 (Puerta y horario por confirmar)<\/p>\n<\/li>\n<li data-start=\"791\" data-end=\"828\">\n<p data-start=\"793\" data-end=\"828\">Presentaci\u00f3n sugerida: 7:20 a.\u202fm.<\/p>\n<\/li>\n<li data-start=\"829\" data-end=\"874\">\n<p data-start=\"831\" data-end=\"874\">Zarpamos aproximadamente a las 8:00 a.\u202fm.<\/p>\n<\/li>\n<li data-start=\"875\" data-end=\"917\">\n<p data-start=\"877\" data-end=\"917\">Regreso estimado a Cartagena: 4:00 p.\u202fm.<\/p>\n<\/li>\n<\/ul>\n<hr data-start=\"919\" data-end=\"922\" \/>\n<h3 data-start=\"924\" data-end=\"941\">\u00bfQu\u00e9 incluye?<\/h3>\n<ul data-start=\"943\" data-end=\"1461\">\n<li data-start=\"943\" data-end=\"990\">\n<p data-start=\"945\" data-end=\"990\">Transporte en lancha r\u00e1pida (ida y regreso)<\/p>\n<\/li>\n<li data-start=\"991\" data-end=\"1281\">\n<p data-start=\"993\" data-end=\"1048\">Barra libre de bebidas nacionales durante la estad\u00eda:<\/p>\n<ul data-start=\"1051\" data-end=\"1281\">\n<li data-start=\"1051\" data-end=\"1070\">\n<p data-start=\"1053\" data-end=\"1070\">Cerveza del d\u00eda<\/p>\n<\/li>\n<li data-start=\"1073\" data-end=\"1201\">\n<p data-start=\"1075\" data-end=\"1201\">C\u00f3cteles de la casa: Pi\u00f1a Colada, Coco Loco, Mojito, Gin Tonic, Daiquir\u00ed, Tequila Sunrise, Caipiri\u00f1a, Caipiroska, Cuba Libre<\/p>\n<\/li>\n<li data-start=\"1204\" data-end=\"1234\">\n<p data-start=\"1206\" data-end=\"1234\">Gaseosa y agua embotellada<\/p>\n<\/li>\n<li data-start=\"1237\" data-end=\"1281\">\n<p data-start=\"1239\" data-end=\"1281\">Jugo de naranja y limonada (dispensador)<\/p>\n<\/li>\n<\/ul>\n<\/li>\n<li data-start=\"1282\" data-end=\"1315\">\n<p data-start=\"1284\" data-end=\"1315\">Parasol y asoleadora asignada<\/p>\n<\/li>\n<li data-start=\"1316\" data-end=\"1362\">\n<p data-start=\"1318\" data-end=\"1362\">Ducha en la playa (llevar toalla personal)<\/p>\n<\/li>\n<li data-start=\"1363\" data-end=\"1461\">\n<p data-start=\"1365\" data-end=\"1392\">Almuerzo t\u00edpico a elegir:<\/p>\n<ul data-start=\"1395\" data-end=\"1461\">\n<li data-start=\"1395\" data-end=\"1406\">\n<p data-start=\"1397\" data-end=\"1406\">Pescado<\/p>\n<\/li>\n<li data-start=\"1409\" data-end=\"1431\">\n<p data-start=\"1411\" data-end=\"1431\">Pollo a la plancha<\/p>\n<\/li>\n<li data-start=\"1434\" data-end=\"1461\">\n<p data-start=\"1436\" data-end=\"1461\">Arroz chaufa de vegetales<\/p>\n<\/li>\n<\/ul>\n<\/li>\n<\/ul>\n<hr data-start=\"1463\" data-end=\"1466\" \/>\n<h3 data-start=\"1468\" data-end=\"1481\">Opcional:<\/h3>\n<ul data-start=\"1483\" data-end=\"1594\">\n<li data-start=\"1483\" data-end=\"1533\">\n<p data-start=\"1485\" data-end=\"1533\">Recorrido panor\u00e1mico por las Islas del Rosario<\/p>\n<\/li>\n<li data-start=\"1534\" data-end=\"1594\">\n<p data-start=\"1536\" data-end=\"1594\">Parada de 60 minutos en el Oceanario (entrada no incluida)<\/p>\n<\/li>\n<\/ul>\n<hr data-start=\"1596\" data-end=\"1599\" \/>\n<h3 data-start=\"1601\" data-end=\"1616\">No incluye:<\/h3>\n<ul data-start=\"1618\" data-end=\"1754\">\n<li data-start=\"1618\" data-end=\"1676\">\n<p data-start=\"1620\" data-end=\"1676\">Tasa portuaria (valor por confirmar, pago en efectivo)<\/p>\n<\/li>\n<li data-start=\"1677\" data-end=\"1713\">\n<p data-start=\"1679\" data-end=\"1713\">Entrada al Oceanario (si aplica)<\/p>\n<\/li>\n<li data-start=\"1714\" data-end=\"1754\">\n<p data-start=\"1716\" data-end=\"1754\">Servicios adicionales no especificados<\/p>\n<\/li>\n<\/ul>\n<hr data-start=\"1756\" data-end=\"1759\" \/>\n<h3 data-start=\"1761\" data-end=\"1790\">Condiciones del servicio:<\/h3>\n<ul data-start=\"1792\" data-end=\"2018\">\n<li data-start=\"1792\" data-end=\"1840\">\n<p data-start=\"1794\" data-end=\"1840\">Disponible todos los d\u00edas con reserva previa<\/p>\n<\/li>\n<li data-start=\"1841\" data-end=\"1867\">\n<p data-start=\"1843\" data-end=\"1867\">No se aceptan mascotas<\/p>\n<\/li>\n<li data-start=\"1868\" data-end=\"1913\">\n<p data-start=\"1870\" data-end=\"1913\">No se aceptan pagos el mismo d\u00eda del tour<\/p>\n<\/li>\n<li data-start=\"1914\" data-end=\"1971\">\n<p data-start=\"1916\" data-end=\"1971\">Sujeto a condiciones mar\u00edtimas y regulaciones locales<\/p>\n<\/li>\n<li data-start=\"1972\" data-end=\"2018\">\n<p data-start=\"1974\" data-end=\"2018\">Se recomienda puntualidad en la presentaci\u00f3n<\/p>\n<\/li>\n<\/ul>\n<hr data-start=\"2020\" data-end=\"2023\" \/>\n<h3 data-start=\"2025\" data-end=\"2045\">Recomendaciones:<\/h3>\n<ul data-start=\"2047\" data-end=\"2232\">\n<li data-start=\"2047\" data-end=\"2135\">\n<p data-start=\"2049\" data-end=\"2135\">Llevar traje de ba\u00f1o, ropa c\u00f3moda, bloqueador solar, gafas de sol, toalla y efectivo<\/p>\n<\/li>\n<li data-start=\"2136\" data-end=\"2232\">\n<p data-start=\"2138\" data-end=\"2232\">Si realiza el recorrido opcional al Oceanario, llevar calzado adecuado para el muelle flotante<\/p>\n<\/li>\n<\/ul>\n<hr data-start=\"2234\" data-end=\"2237\" \/>\n<h3 data-start=\"2239\" data-end=\"2295\">Reserva tu d\u00eda de descanso con Live Vacations Tour<\/h3>\n<p data-start=\"2296\" data-end=\"2380\">Disfruta sol, sabor y mar Caribe con barra libre y atenci\u00f3n exclusiva en \u00c1rea Beach.<\/p>\n","protected":false},"featured_media":2752,"comment_status":"open","ping_status":"closed","template":"","meta":[],"product_brand":[],"product_cat":[46],"product_tag":[],"class_list":{"0":"post-2751","1":"product","2":"type-product","3":"status-publish","4":"has-post-thumbnail","6":"product_cat-tours","8":"first","9":"instock","10":"shipping-taxable","11":"purchasable","12":"product-type-simple"},"_links":{"self":[{"href":"https:\/\/lodgingcartagena.com\/index.php\/wp-json\/wp\/v2\/product\/2751","targetHints":{"allow":["GET"]}}],"collection":[{"href":"https:\/\/lodgingcartagena.com\/index.php\/wp-json\/wp\/v2\/product"}],"about":[{"href":"https:\/\/lodgingcartagena.com\/index.php\/wp-json\/wp\/v2\/types\/product"}],"replies":[{"embeddable":true,"href":"https:\/\/lodgingcartagena.com\/index.php\/wp-json\/wp\/v2\/comments?post=2751"}],"wp:featuredmedia":[{"embeddable":true,"href":"https:\/\/lodgingcartagena.com\/index.php\/wp-json\/wp\/v2\/media\/2752"}],"wp:attachment":[{"href":"https:\/\/lodgingcartagena.com\/index.php\/wp-json\/wp\/v2\/media?parent=2751"}],"wp:term":[{"taxonomy":"product_brand","embeddable":true,"href":"https:\/\/lodgingcartagena.com\/index.php\/wp-json\/wp\/v2\/product_brand?post=2751"},{"taxonomy":"product_cat","embeddable":true,"href":"https:\/\/lodgingcartagena.com\/index.php\/wp-json\/wp\/v2\/product_cat?post=2751"},{"taxonomy":"product_tag","embeddable":true,"href":"https:\/\/lodgingcartagena.com\/index.php\/wp-json\/wp\/v2\/product_tag?post=2751"}],"curies":[{"name":"wp","href":"https:\/\/api.w.org\/{rel}","templated":true}]}}